{"id":139,"date":"2020-12-13T21:41:30","date_gmt":"2020-12-13T21:41:30","guid":{"rendered":"http:\/\/localhost:8080\/policianacional\/transparencia\/?page_id=139"},"modified":"2021-07-03T12:25:14","modified_gmt":"2021-07-03T12:25:14","slug":"vacantes","status":"publish","type":"page","link":"https:\/\/ipe.edu.do\/transparencia\/vacantes\/","title":{"rendered":"Vacantes"},"content":{"rendered":"<p>Toda persona tiene derecho a acceder al servicio p\u00fablico en condiciones de igualdad, y los ascensos ser\u00e1 en base al principio del merito.\u00a0 En cumplimiento a la Ley 41-08 sobre Funci\u00f3n P\u00fablica, y al literal j del articulo 3 de la Ley 200-04 sobre Libre Acceso a la informaci\u00f3n P\u00fablica, esta apartado presentara un link con acceso directo al portal concursa\u00a0<a href=\"https:\/\/map.gob.do\/Concursa\" rel=\"noopener\"><strong>https:\/\/map.gob.do\/Concursa<\/strong><\/a>\u00a0, administrado por el Ministerio Administraci\u00f3n P\u00fablica, o cualquier otro vinculo que lo reemplace.<\/p>\n<p><strong>Requisitos Para Aspirantes de Nuevo Ingreso (Rasos y Cadetes)<\/strong><\/p>\n<p>\u2013 Ser dominicano en pleno goce de sus derechos civiles y pol\u00edticos.<\/p>\n<p>\u2013 Certificado de Bachiller legalizado por el Ministerio de Educaci\u00f3n (Cadetes).<\/p>\n<p>\u2013 Certificado de Bachiller o Certificado de Pruebas Nacionales (Rasos).<\/p>\n<p>\u2013 Certificaci\u00f3n de No Antecedentes Penales.<\/p>\n<p>\u2013 Acta de Nacimiento Certificada.<\/p>\n<p>\u2013 Carta de Recomendaci\u00f3n, de Junta de vecinos, Iglesia Evang\u00e9lica y Cat\u00f3lica, del S\u00edndico o Alcaide Ped\u00e1neo y de un miembro de las FF.AA. o PN.<\/p>\n<p>\u2013 2 (dos) Fotos 2\u00d72 de frente y perfil<\/p>\n<p>\u2013 Copia de C\u00e9dula de identidad.<\/p>\n<p>\u2013 Estatura m\u00ednima 5`6, aspirante a raso (Hombres).<\/p>\n<p>\u2013 Estatura m\u00ednima 5`2, aspirante a raso (Mujeres).<\/p>\n<p>\u2013 Estatura m\u00ednima para cadetes 5`7, (Hombres).<\/p>\n<p>\u2013 Estatura m\u00ednima para cadetes 5`4, (Hombres).<\/p>\n<p>\u2013 Peso de acuerdo a la estatura.<\/p>\n<p>\u2013 Edad de 18 a 25 a\u00f1os. (18 a 22 para cadetes).<\/p>\n<p>\u2013 Aprobar las evaluaciones acad\u00e9micas, psicol\u00f3gicas, f\u00edsicas y cl\u00ednicas.<\/p>\n<p>\u2013 Folder de 8 \u00bd x 11.<\/p>\n<p><strong>\u00a0Requisitos para ingreso como Veterano<\/strong><\/p>\n<p>\u2013 Ser dominicano en pleno goce de sus derechos civiles y pol\u00edticos.<\/p>\n<p>\u2013 Tener menos de 32 a\u00f1os de edad.<\/p>\n<p>\u2013 Presentar baja certificada, \u201cPropia Solicitud o \u201cExpiraci\u00f3n de alistamiento\u201d (Car\u00e1cter Bueno).<\/p>\n<p>\u2013 Acta de nacimiento certificada.<\/p>\n<p>\u2013 Carta de Recomendaci\u00f3n, de Junta de vecinos, Iglesia Evang\u00e9lica y Cat\u00f3lica, del S\u00edndico o Alcaide Ped\u00e1neo y de un miembro de las FF.AA. o P.N.<\/p>\n<p>\u2013 2 (dos) Fotos 2\u00d72 de frente y perfil.<\/p>\n<p>\u2013 Copia de C\u00e9dula de identidad.<\/p>\n<p>\u2013 Certificado de Bachiller o Certificaci\u00f3n de escolaridad de segundo de Bachiller aprobado.<\/p>\n<p>\u2013 Certificaci\u00f3n de no antecedentes penales.<\/p>\n<p><strong>\u00a0Requisitos para ingresar como Asimilado<\/strong><\/p>\n<p>\u2013 Ser dominicano en pleno goce de sus derechos civiles y pol\u00edticos.<\/p>\n<p>\u2013 Carta de Recomendaci\u00f3n, de Junta de vecinos, Iglesia Evang\u00e9lica y Cat\u00f3lica, del S\u00edndico o Alcaide ped\u00e1neo y de un miembro de las FF.AA. P.N.<\/p>\n<p>\u2013 Tener (18) a\u00f1os de edad y no exceder (32) a\u00f1os.<\/p>\n<p>\u2013 Estatura m\u00ednima 5`6, aspirante a raso (Hombres).<\/p>\n<p>\u2013 Estatura m\u00ednima 5`2, aspirante a raso (Mujeres).<\/p>\n<p>\u2013 Certificado de bachiller o t\u00edtulo universitario de su profesi\u00f3n.<\/p>\n<p>\u2013 Certificaci\u00f3n de no antecedentes penales.<\/p>\n<p>\u2013 Curriculum Vitae.<\/p>\n<p><strong>Para informaci\u00f3n adicional:<\/strong><\/p>\n<p><strong>Departamento de Gesti\u00f3n de Empleo, P.N.\u00a0 Tel. (809) 682-2151 ext.: 2071 y 2610<\/strong><\/p>\n","protected":false},"excerpt":{"rendered":"<p>Toda persona tiene derecho a acceder al servicio p\u00fablico en condiciones de igualdad, y los ascensos ser\u00e1 en base al principio del merito.\u00a0 En cumplimiento a la Ley 41-08 sobre Funci\u00f3n P\u00fablica, y al literal j del articulo 3 de la Ley 200-04 sobre Libre Acceso a la informaci\u00f3n P\u00fablica, esta apartado presentara un link&#8230;<\/p>\n","protected":false},"author":1,"featured_media":0,"parent":0,"menu_order":0,"comment_status":"closed","ping_status":"closed","template":"","meta":{"_monsterinsights_skip_tracking":false,"_monsterinsights_sitenote_active":false,"_monsterinsights_sitenote_note":"","_monsterinsights_sitenote_category":0,"_uf_show_specific_survey":0,"_uf_disable_surveys":false,"footnotes":""},"class_list":["post-139","page","type-page","status-publish","hentry"],"aioseo_notices":[],"_links":{"self":[{"href":"https:\/\/ipe.edu.do\/transparencia\/wp-json\/wp\/v2\/pages\/139","targetHints":{"allow":["GET"]}}],"collection":[{"href":"https:\/\/ipe.edu.do\/transparencia\/wp-json\/wp\/v2\/pages"}],"about":[{"href":"https:\/\/ipe.edu.do\/transparencia\/wp-json\/wp\/v2\/types\/page"}],"author":[{"embeddable":true,"href":"https:\/\/ipe.edu.do\/transparencia\/wp-json\/wp\/v2\/users\/1"}],"replies":[{"embeddable":true,"href":"https:\/\/ipe.edu.do\/transparencia\/wp-json\/wp\/v2\/comments?post=139"}],"version-history":[{"count":2,"href":"https:\/\/ipe.edu.do\/transparencia\/wp-json\/wp\/v2\/pages\/139\/revisions"}],"predecessor-version":[{"id":359,"href":"https:\/\/ipe.edu.do\/transparencia\/wp-json\/wp\/v2\/pages\/139\/revisions\/359"}],"wp:attachment":[{"href":"https:\/\/ipe.edu.do\/transparencia\/wp-json\/wp\/v2\/media?parent=139"}],"curies":[{"name":"wp","href":"https:\/\/api.w.org\/{rel}","templated":true}]}}